2, 11
What are the prime factors of (-1009732)/(-93)*(-7 - -10)?
2, 17, 479
Let r be (-23)/(((-2)/(-1 + -1))/(-1)). Let f = r + -18. Suppose 89 = 2*x + f*z, 24 + 8 = x + 5*z. What are the prime factors of x?
3, 19
What are the prime factors of ((-24154)/(-5))/((-62)/(-310))?
2, 13, 929
Suppose 0 = 25*w + 35*w - 40560. What are the prime factors of w?
2, 13
Let o(p) = 14638*p + 1986. List the prime factors of o(3).
2, 3, 5, 17
Let v(z) = -2*z + 73. Let l be v(-15). Let i = l - -283. What are the prime factors of i?
2, 193
Let n(c) = -22*c**2 + 33*c - 16. Let p be n(-7). Let x = 2316 + p. List the prime factors of x.
991
Let c be (2 - 1 - -2)*1. Suppose -26 = -2*s - 5*w, -3*s + 0 = -c*w + 3. List the prime factors of 27 + s + 0 + -2.
2, 7
Let p(l) = 32*l**2 - 1267*l + 65. List the prime factors of p(49).
2, 3, 823
Let r = 162 - 127. Let p = r + -272. List the prime factors of (1 - 2)/(-2 - 473/p).
3, 79
Suppose 25*j - 560 = -3*j. List the prime factors of 10*57 + -23 + j.
3, 7
Suppose -5*k = -2*j - 272 - 101, 5*k + 671 = -4*j. Let t = j - -305. What are the prime factors of t?
131
Suppose -11187981 = -320*z + 600499. List the prime factors of z.
11, 17, 197
Let j(l) be the second derivative of 7/12*l**4 + 0 + 6*l + 13/2*l**2 - 7/6*l**3. List the prime factors of j(4).
97
Let p be ((-2)/12)/((-40)/54480). Let d = p - 103. List the prime factors of d.
2, 31
Let n(l) be the second derivative of l**5/20 + 2*l**4/3 - 11*l**3/6 - 5*l**2/2 + 43*l. List the prime factors of n(-7).
11
Let n(u) be the second derivative of -61*u**3/3 + 71*u**2/2 - 105*u. List the prime factors of n(-6).
11, 73
Suppose 2*o = 2*i - 9131 - 14007, -3*i = 4*o - 34700. List the prime factors of i.
2, 3, 241
Suppose -2*h - 5 = 3*h, 0 = -4*t + 5*h + 121. Suppose t*r - 21499 = 802. List the prime factors of r.
769
Suppose -5*j - 4*o + 17 + 11 = 0, -2*j = -2*o - 4. Suppose 44 = j*h + 28. Suppose -d + 143 = 2*y - 134, -262 = -2*y - h*d. What are the prime factors of y?
3, 47
Suppose -300 = -11*q + 5*q. Let f = 10 + q. Suppose -2*k + f = 5*z - 10, 2*z = -2*k + 70. What are the prime factors of k?
5, 7
Let r(n) = -5*n + 19. Let b be r(2). List the prime factors of (b + -13)/(1/(-93)).
2, 3, 31
Let v be (1322/(-2 + 10/4))/2. Suppose 2*y + 376 = v. List the prime factors of y.
11, 43
Suppose 3*t = -15, -2*q + 70 = -4*t - 26. Suppose -q*k + 35*k = 6. List the prime factors of 1*(45 - (2 + k)/1).
3, 5
Suppose -4*y - 686 = 1070. Let m = y - -1073. List the prime factors of m.
2, 317
Let q(i) = 167*i**2 + 28*i - 69. List the prime factors of q(3).
2, 3, 11, 23
Let n = 34 - 32. Suppose n*a - 1414 = 636. Suppose 6*m - a = m. List the prime factors of m.
5, 41
Let j(x) be the first derivative of x**4/4 + 4*x**3 + 7*x**2 + 4*x + 11. What are the prime factors of j(-7)?
151
Suppose 6*s - 50 = -56. Let v(l) = -85*l + 12. List the prime factors of v(s).
97
Suppose -23*m - 19*m + 306109 - 58519 = 0. What are the prime factors of m?
3, 5, 131
Suppose -2*a = -8*a + 5004. Suppose -2*r + 5*r = a. Let k = 464 - r. What are the prime factors of k?
2, 3, 31
Suppose 23*g - 59102 - 82899 = 71439. List the prime factors of g.
2, 5, 29
What are the prime factors of -2 + (-12)/(-5) + 66*(-70378)/(-105)?
2, 3, 73, 101
Suppose -109933 = -5*n - m, -5*n = 94*m - 91*m - 109929. List the prime factors of n.
3, 7, 349
Let o(g) = -g**3 + 6*g**2 + 5*g - 45. Let w be o(4). Suppose -12262 = -w*p + m - 3*m, -4*p + 4*m + 7012 = 0. What are the prime factors of p?
2, 3, 73
Let s(o) = -o**3 - 9*o**2 - 5*o + 28. Let k be s(-8). Suppose -5*n = k*z - 17350, -3*z - 15 = -0*z. List the prime factors of (n/(-8))/9*-4.
193
Let m = 0 - -8. Suppose -3*j + a + m = -0*j, 0 = -2*a - 4. Suppose 0 = -j*x - x + 15, 3*x - 155 = -4*q. List the prime factors of q.
5, 7
Suppose 9977856 = 159*j + 4669767 - 5671020. What are the prime factors of j?
3, 23017
What are the prime factors of 156/(-117) - (86330/(-6) - 4)?
3, 13, 41
Let i(a) = -41481*a**3 - 2*a**2 + 16*a + 19. What are the prime factors of i(-1)?
2, 7, 2963
Let f(i) = 7*i + 70. Let g be f(12). Suppose -3*y + u + u + 514 = 0, -y + 5*u + g = 0. What are the prime factors of y?
2, 3, 29
Suppose 0 = -5*p + 2*x + 8954, 2*p - 6*p = -x - 7162. Suppose -30*r = -20*r - p. What are the prime factors of r?
179
Let l = 970 + 14080. What are the prime factors of l?
2, 5, 7, 43
List the prime factors of 9/(-1)*-1831 - (-17 + (-24 - -37)).
53, 311
Suppose 28 + 1980 = 2*n. Let z = n + -191. List the prime factors of z.
3, 271
Suppose 0 = 7*z - 347 + 1180. Let j be 2 + 178 + (-2 - 0). Let r = z + j. What are the prime factors of r?
59
Suppose 10710 = 4*p - 2*u, 3*p - 2*u - 5353 = 2682. Let w = 4220 - p. List the prime factors of w.
3, 5, 103
Let f(u) = -54*u - 94. Let m be f(11). List the prime factors of ((-81)/(-36))/((12/m)/(-3)).
3, 43
Suppose 33 - 9 = -4*g. Let f be (-3 - (-40 + 1))/(2/g). What are the prime factors of (-2)/9 - 18060/f?
167
Let b(h) = -230*h + 16137. List the prime factors of b(-97).
38447
Let m = -4 - -11. Let q = -6974 + 6894. What are the prime factors of m/((-210)/36)*q?
2, 3
Let c be 3*2/2 + -5 - -39188. What are the prime factors of 3/4 - c/(-72)?
5, 109
Let b be 319/88 - 6/(-16). Suppose 1604 = b*l - 5*a + a, -5*l - 4*a + 2050 = 0. What are the prime factors of l?
2, 7, 29
Let h be (-44)/(-10) + (0 - (-12)/(-30)). Suppose -h*f - 5*f + 3078 = 0. What are the prime factors of f?
2, 3, 19
List the prime factors of 41117 + (20 - 304/8).
73, 563
Let g = 16457 + -6124. List the prime factors of g.
10333
Let s = 24 + -11. Suppose 348 = -10*v + s*v. List the prime factors of v.
2, 29
Let c = -5835 + 19365. What are the prime factors of c?
2, 3, 5, 11, 41
Let u be (0 + (-1 - -8))/(-1). Suppose -118 = 3*s + 4*a, -5*s + 2*a + 16 = 204. List the prime factors of -1*u/((-7)/s).
2, 19
Let m = 262 + -109. Suppose -2*t = -3*i + 632, 3*t = -i + m + 54. What are the prime factors of i?
2, 3, 5, 7
Let z be (5/(-1))/(3/(-5 + 2)). Suppose -10*n + 35 = -z*n. Suppose -2*m + 2 = 0, 4*m = -2*v + n*v - 526. What are the prime factors of v?
2, 53
Let p = 6612 + -2799. Let i = -2320 + p. What are the prime factors of i?
1493
Let f = -15121 - -62958. What are the prime factors of f?
47837
Let f(s) = -6*s**2 - 5*s - 1. Let o be f(5). Suppose -168*h = 71*h + 717. List the prime factors of (54/(-8))/((-11)/(o/h)).
2, 3
Let u = -140 - -150. Suppose 2*y = 3*q + 378, -187 = -y - q + 12. Let o = y + u. List the prime factors of o.
5, 41
Let h(n) = 12*n - 703 - 66*n + 373. List the prime factors of h(-30).
2, 3, 5, 43
Let w(p) = -30 + 82 + p**2 - 24 + 11*p - p. List the prime factors of w(-14).
2, 3, 7
Let b(u) = 52*u**3 - 4*u**2 - 17*u + 19. What are the prime factors of b(5)?
2, 3167
Let x = 60096 - 35711. What are the prime factors of x?
5, 4877
Let l be (-17 - -17) + (-1 - (1 - 1)). Let y be 2*89*(1 - l). List the prime factors of (3/6)/(2/y).
89
Suppose -s = -4*n - 48, -2*n = -6 - 4. Suppose 2*w + 215 = -3*r, r + s = -2*w - 1. Let u = 121 + r. What are the prime factors of u?
2, 3
Let j = -43 - -39. Let q be (-8)/j - (-34 - (-3 - -2)). Suppose -q - 93 = -3*f + 2*n, -4*f - 5*n = -163. List the prime factors of f.
2, 3, 7
Let z = 2777 - 418. Let w = -1288 + z. List the prime factors of w.
3, 7, 17
List the prime factors of 4/(100/(-388095))*325/(-195).
25873
Let p(q) = -17*q - 12. Let i be p(-3). Suppose -x = -2*r + i, -4*r - 54 = x - r. Let w = x + 144. List the prime factors of w.
3, 11
Let d be (-7 - -6)/(2/(-30)). Let a be (-18)/(-5) + d/(-25). Suppose 0*l + 18 = a*l. List the prime factors of l.
2, 3
Let b = 56 - 56. Suppose 63 = v - 4*j, b*v + 126 = 2*v - 4*j. List the prime factors of v.
3, 7
Let m be (-5024)/8 + (-4)/1. Let w = m - -1252. List the prime factors of w.
2, 5, 31
Let x be 17 - ((-1)/(-1) - (-1 - -1)). Suppose -x*m - 560 = -20*m. What are the prime factors of m?
2, 5, 7
Let h = 284 + -375. Let k = 844 + h. What are the prime factors of k?
3, 251
Let b = 547 - 545. Suppose -3*p - 5*z + 33 = 0, 2*z + 0 = -b*p + 26. What are the prime factors of p?
2
Let s(x) = -174*x - 21. Let t = 138 - 143. What are the prime factors of s(t)?
3, 283
Suppose -195*j - 5463 = -186*j. Let v = 50 - j. What are the prime factors of v?
3, 73
Let q(b) = -4*b - 23. Let p be 10/15*(-27 - 0)*1. What are the pri